(-150)/24) + (-3)/(-4).
5
Suppose 7*r = 11*r - 72. Calculate the remainder when 89 is divided by r.
17
Suppose -2 = -q - 4*h, -h + 6 = -q + 3*h. Calculate the remainder when q/6 + (-85)/(-3) is divided by 10.
8
Let s(j) = j + 70. Let x be s(0). Suppose -7*a + x = -2*a. What is the remainder when a is divided by 8?
6
Suppose 2*c = 15 - 5. Suppose 0 = 2*r + 4, -c*o - r + 50 = -73. What is the remainder when 72 is divided by o?
22
Let o be -1 - (1/1 - 1). Let l(x) = -4 - 3 - 14*x + 5 + 3. What is the remainder when l(o) is divided by 8?
7
Suppose -13*j - 150 = -16*j. Calculate the remainder when j is divided by 18.
14
Let t = -35 - -87. What is the remainder when 8/t - 932/(-26) is divided by 13?
10
Let n = -27 + 61. Let p(j) = -3*j - 13. Let y be p(-6). Suppose 0*c - c + 3 = 0, -96 = -y*v - 2*c. Calculate the remainder when n is divided by v.
16
Let l = -22 - -59. What is the remainder when l is divided by 13?
11
Suppose 5*l = -4*z + 41, -l + 4*z + 4 + 9 = 0. Calculate the remainder when 41 is divided by l.
5
Let j = -1 - -2. Let w(p) = p**2 + 2*p + 4. Calculate the remainder when w(0) is divided by j.
0
Let r(z) = z + 2. Let y be r(0). Calculate the remainder when 61 is divided by (1/y)/((-1)/(-32)).
13
Suppose 0 = -2*z - 0*z + 4. Calculate the remainder when z/(-6)*42/(-1) is divided by 8.
6
Let b(i) = -i + 8. Let h be b(0). Suppose -2*j - h = 6. Let r = 4 - j. Calculate the remainder when r is divided by 7.
4
Suppose -13 = -2*c + 29. Let q = -14 + c. Let l(k) = -2*k**3 + 2*k**2 - 1. What is the remainder when q is divided by l(-1)?
1
Let s(o) = 18*o - 3. Suppose -d + 4*d = 129. What is the remainder when d is divided by s(1)?
13
Suppose 5*a + 63 = -2. Let h = a - -21. What is the remainder when 30 is divided by h?
6
Suppose 0 = 4*r + 3*q - 42, -3*q + 1 = -5. What is the remainder when 20 is divided by r?
2
Let l = 11 + -8. Suppose 0 = -3*t + 2*o + 11, 2*t = 4*t + 2*o + 6. Calculate the remainder when l is divided by t.
0
Suppose -2*a = 3*a. Let c be 1/((-3)/(-6)) + a. Suppose -4 = z, 30 = c*w + 2*z + 2. What is the remainder when w is divided by 10?
8
Suppose 0 = 5*d - d - 16. Calculate the remainder when d is divided by 1.
0
Suppose 2*l - 110 = -3*l. Let d be -1 + -6 + -3 + 4. Let q = l + d. Calculate the remainder when 47 is divided by q.
15
Let r = 26 + -24. Let p(u) = 29*u**3 - u + 1. Calculate the remainder when p(1) is divided by ((-1)/(3/(-90)))/r.
14
Let z = 10 - -9. Let v = 6 + z. What is the remainder when 47 is divided by v?
22
Suppose -g - 225 = -6*g. Suppose 4*p - g = -d + 2*p, 2*p - 2 = 0. What is the remainder when d is divided by (4*(-21)/6 + -1)/(-1)?
13
Let h = 18 - 7. Calculate the remainder when 40 is divided by h.
7
Suppose -5*x + 4 = -3*x. Let o(d) = d**3 - 2*d**2 - 6*d - 7. Calculate the remainder when o(5) is divided by (-10)/(1*(-1)/x).
18
Let n be ((-3)/7)/((-2)/14). Let u be 2 + 91 + 0 - -2. Suppose -2*x + 76 = 4*f, -n*f + 8*f - u = 4*x. Calculate the remainder when 36 is divided by f.
17
Suppose -2*n + 86 + 107 = -5*i, 0 = i - 3. Suppose 36 = -q + n. Calculate the remainder when q is divided by 23.
22
Suppose -2*g = 28 + 2. Calculate the remainder when (-184)/(-5) + (-3)/g is divided by 10.
7
Let w(b) = 6*b**2 - 2*b. Let f be w(2). What is the remainder when 71 is divided by f/3*36/10?
23
Suppose 4*u = 4*n - 44, -9 = 2*u - 3. Let z(i) = -i**3 + 4*i**2 + 5*i + 2. What is the remainder when z(4) is divided by n?
6
Let a = 3 + -1. Suppose a*o - 51 = -o. Calculate the remainder when 32 is divided by o.
15
Let k be ((-64)/(-6))/((-1)/3). Let b = k + 76. Suppose 0*p = -4*p + b. Calculate the remainder when 42 is divided by p.
9
Suppose 4*w = k - 1 - 0, 0 = 2*w. Suppose u + a + 2 = 0, -4 = -4*u - 5*a + 4*a. What is the remainder when (k/1)/((-2)/(-4)) is divided by u?
0
Suppose 0 = 2*y - 15 + 7. Let t(m) = 3*m**3 - 5*m**2 - 3*m - 2. Calculate the remainder when t(y) is divided by 33.
32
Let w be ((-1)/(-3))/((-1)/(-51)). Suppose w*t = 16*t + 15. What is the remainder when 29 is divided by t?
14
Let j be (1 - 7)*4/(-4). Let q = j - -3. What is the remainder when 16 is divided by q?
7
Let u(d) = d**2 - 3*d + 3. Suppose -2*q + 4 = -14. Suppose -4*f - c + q = 0, 10 = -2*f - 5*c + 1. What is the remainder when 8 is divided by u(f)?
2
Suppose -16 = -4*n + 4*m, 0*m - 5*m + 5 = 0. Suppose -n*q = -2*h + 50, 2*q - q - 98 = -5*h. Calculate the remainder when 58 is divided by h.
18
Let o = -6 + 11. Let m(t) = t**3 - 7*t**2 + 9*t - 9. Let p be m(6). Let l = p - 1. Calculate the remainder when l is divided by o.
3
Let i(b) = -6*b - 26. What is the remainder when i(-10) is divided by 12?
10
Suppose -4*c = -c - 516. Calculate the remainder when c is divided by 25.
22
Let o be (-9 - -7)*(-2)/(-4). Let h be 2/(o/(0 - 1)). Suppose -34 = -4*i - h. Calculate the remainder when 13 is divided by i.
5
Let b = -10 - -22. Calculate the remainder when 22 is divided by b.
10
Suppose -5*r - 26 - 13 = -f, -3*r - 33 = -f. Suppose 5*x - f = 2*x. What is the remainder when 1/4 + (-59)/(-4) is divided by x?
7
Let z = 1 + -1. Suppose z*d + q - 27 = -3*d, -3*q = 4*d - 31. What is the remainder when 38 is divided by d?
8
Suppose 2*z - j - 380 = 0, -10*z = -13*z - 2*j + 570. What is the remainder when z is divided by 32?
30
Suppose 4*f = -4*f + 40. What is the remainder when 13 is divided by f?
3
Let y = -181 - -196. What is the remainder when 44 is divided by y?
14
Suppose 8 = 4*v - 0. Let a = 4 - -1. What is the remainder when a is divided by v?
1
Let f be (-1737)/6 + (-3)/2. What is the remainder when 4/22 - f/33 is divided by 4?
1
Let x(t) = t**2 + 4*t. What is the remainder when 46 is divided by x(-6)?
10
Suppose -p - 4*p = 5*k - 55, -4*p = -3*k - 23. What is the remainder when p is divided by 2?
0
Let j(x) = -x - 2 - 2*x - 3. Calculate the remainder when 57/(-76) - 1/4*-155 is divided by j(-6).
12
Let c be (1 - -2)*(-5)/(-3). Let a(j) = -j. Let x be a(1). Let n = c + x. Calculate the remainder when 6 is divided by n.
2
Suppose -a + 2*w = -8, -1 - 1 = a - 4*w. Calculate the remainder when 71 is divided by a.
17
Let g = -122 + 220. What is the remainder when g is divided by 25?
23
Suppose -2*h - 5*z = 13, 5*z - 7 = 4*h - 26. Let c(q) = -2*q + 17. What is the remainder when c(8) is divided by h?
0
Let a be 1/3*(-9 - -6). Calculate the remainder when (a - -11)/((-12)/(-18)) is divided by 1/((-18)/(-16) + -1).
7
Suppose 26 = 2*x - 54. Calculate the remainder when -2 + 0 + 1*x is divided by 13.
12
Suppose 0 = -3*j + 12 + 54. Calculate the remainder when 86 is divided by j.
20
Calculate the remainder when 47 is divided by (-1 - 148/8)/((-15)/20).
21
Let a(m) = -m - 4. Suppose -10 + 5 = -v. Suppose 2*f = 4*f + 3*t - 16, 3*f - 26 = -v*t. What is the remainder when a(-6) is divided by f?
0
Suppose -3*r = -26 - 1. Suppose 26 = 3*w - 25. What is the remainder when w is divided by r?
8
Let p be (3 - 2)/(3/9). Suppose 0 = p*i, 7 = -n + 2*n - 3*i. Let u(l) = -l**2 + l + 4. Calculate the remainder when n is divided by u(0).
3
Let a(x) = -12*x - 11. Calculate the remainder when 106 is divided by a(-4).
32
What is the remainder when 23 is divided by -3 + 4/(-4) - -12?
7
Let b(n) = 10 - 8 - 7*n - 3 + n**3 + 6*n**2. What is the remainder when b(-6) is divided by 11?
8
Let f = 1 + 7. Let s(o) = -o**3 + 9*o**2 - 6*o - 6. What is the remainder when 37 is divided by s(f)?
7
Suppose k + 21 = 4*k. Calculate the remainder when (0 - 1)*(-26)/2 is divided by k.
6
Suppose -5*m + 40 - 10 = 0. Suppose 0 = c - m*c + 425. Let i = -48 + c. Calculate the remainder when i is divided by 13.
11
Let j be 2 + (-4)/2 + 12. Suppose 3*f = 2*f, 5*v = -3*f + 30. Let t = j - v. Calculate the remainder when t is divided by 2.
0
Suppose -5*q + 26 = 4*o, 0*o - 2*o + 20 = -q. Let v = 11 - o. Suppose 2*b - 2 = b. Calculate the remainder when v is divided by b.
0
Suppose -7*v + 261 = -2*v - r, v + 3*r - 49 = 0. What is the remainder when v is divided by 9?
7
Suppose -2*b + 45 = -l, b + 85 = 6*b + 3*l. What is the remainder when 99 is divided by b?
19
Let g = -12 - -16. What is the remainder when 10*(6/g - 1) is divided by 2?
1
Suppose -89 = 5*d + o - 2*o, 3*o = 4*d + 69. Calculate the remainder when 4/2 + (-5 - d) is divided by 9.
6
Let b = 136 + -89. Suppose 31*w + 4*w = 350. Calculate the remainder